{"id":41,"date":"2019-12-28T18:54:19","date_gmt":"2019-12-28T17:54:19","guid":{"rendered":"http:\/\/psychotherapie-kalinka.de\/?page_id=41"},"modified":"2019-12-28T19:25:35","modified_gmt":"2019-12-28T18:25:35","slug":"praxis","status":"publish","type":"page","link":"https:\/\/psychotherapie-kalinka.de\/?page_id=41","title":{"rendered":"Praxis"},"content":{"rendered":"\n<p><strong>Adresse &amp; Kontakt<\/strong><\/p>\n\n\n\n<p>Tanja Kalinka<br>S\u00fcdwestkorso 18<br>14197 Berlin<\/p>\n\n\n\n<p>+49 (0 )176 45 87 88 80 <br>info@psychotherapie-kalinka.de   <\/p>\n\n\n\n<p><\/p>\n\n\n\n<p>Die Praxisr\u00e4ume befinden sich im 3. Obergescho\u00df des Vorderhauses. <br>Ein Fahrstuhl ist im Treppenhaus vorhanden.<br>Bitte klingeln Sie bei &#8222;Psychotherapeutische Praxis&#8220;.<\/p>\n\n\n\n<p><\/p>\n\n\n\n<p><strong>Anfahrt<\/strong><\/p>\n\n\n\n<p>Die Praxis befindet sich direkt an der Kreuzung der drei Stra\u00dfen <br>S\u00fcdwestkorso, Wiesbadener Stra\u00dfe und Laubacher Stra\u00dfe.<\/p>\n\n\n\n<p>S-Bahn: Bundesplatz (S41, S42, S46), ca. 10 Min. Fu\u00dfweg<br>U-Bahn: R\u00fcdesheimer Platz (U3), ca. 8 Min. Fu\u00dfweg<br>U-Bahn: Friedrich-Wilhelm-Platz (U9), ca. 6 Min. Fu\u00dfweg<br>Bus: Wiesbadener Str.\/Laubacher Str. (101, 186, 248, N3)<\/p>\n","protected":false},"excerpt":{"rendered":"<p>Adresse &amp; Kontakt Tanja KalinkaS\u00fcdwestkorso 1814197 Berlin +49 (0 )176 45 87 88 80 info@psychotherapie-kalinka.de Die Praxisr\u00e4ume befinden sich im 3. Obergescho\u00df des Vorderhauses. Ein Fahrstuhl ist im Treppenhaus vorhanden.Bitte klingeln Sie bei &#8222;Psychotherapeutische Praxis&#8220;. Anfahrt Die Praxis befindet sich direkt an der Kreuzung der drei Stra\u00dfen S\u00fcdwestkorso, Wiesbadener Stra\u00dfe und Laubacher Stra\u00dfe. S-Bahn: Bundesplatz &hellip; <\/p>\n<p class=\"link-more\"><a href=\"https:\/\/psychotherapie-kalinka.de\/?page_id=41\" class=\"more-link\"><span class=\"screen-reader-text\">\u201ePraxis\u201c <\/span>weiterlesen<\/a><\/p>\n","protected":false},"author":1,"featured_media":0,"parent":0,"menu_order":0,"comment_status":"closed","ping_status":"closed","template":"","meta":{"footnotes":""},"class_list":["post-41","page","type-page","status-publish","hentry"],"_links":{"self":[{"href":"https:\/\/psychotherapie-kalinka.de\/index.php?rest_route=\/wp\/v2\/pages\/41","targetHints":{"allow":["GET"]}}],"collection":[{"href":"https:\/\/psychotherapie-kalinka.de\/index.php?rest_route=\/wp\/v2\/pages"}],"about":[{"href":"https:\/\/psychotherapie-kalinka.de\/index.php?rest_route=\/wp\/v2\/types\/page"}],"author":[{"embeddable":true,"href":"https:\/\/psychotherapie-kalinka.de\/index.php?rest_route=\/wp\/v2\/users\/1"}],"replies":[{"embeddable":true,"href":"https:\/\/psychotherapie-kalinka.de\/index.php?rest_route=%2Fwp%2Fv2%2Fcomments&post=41"}],"version-history":[{"count":7,"href":"https:\/\/psychotherapie-kalinka.de\/index.php?rest_route=\/wp\/v2\/pages\/41\/revisions"}],"predecessor-version":[{"id":56,"href":"https:\/\/psychotherapie-kalinka.de\/index.php?rest_route=\/wp\/v2\/pages\/41\/revisions\/56"}],"wp:attachment":[{"href":"https:\/\/psychotherapie-kalinka.de\/index.php?rest_route=%2Fwp%2Fv2%2Fmedia&parent=41"}],"curies":[{"name":"wp","href":"https:\/\/api.w.org\/{rel}","templated":true}]}}